t t be (-2 + 6)/((-1)/(-2)). Suppose -t = 3*v - 4*v. What is the greatest common factor of v and 8?
8
Let d = -27 + 36. What is the highest common divisor of d and 45?
9
Let r = 170 - 44. Calculate the highest common divisor of 18 and r.
18
Let h be 0/(-3)*1/(-2). Suppose 5*b = 65 + 95. Suppose 4*t + h*t - b = 0. What is the greatest common factor of 1 and t?
1
Suppose 2*m + 4 = -2*m. Let k(j) = 118*j**2 + 1. Let g be k(m). Suppose 3*c = 2*n - 117, g = 5*n - 3*n - c. Calculate the greatest common divisor of n and 12.
12
Let t(k) = -k**2 + 27*k - 31. Let y be t(25). Let v(i) = -5*i**2 + i + 8. Let h be v(-6). Let s = h + 273. Calculate the highest common factor of y and s.
19
Suppose -6 = -5*a - 1, 2*l - 5*a = 15. Calculate the greatest common divisor of 110 and l.
10
Let o be 75/11 + 6/33. Let m = -1 + 3. Suppose -7*u + 3*u = 4, -33 = -m*f + 5*u. Calculate the greatest common factor of o and f.
7
Suppose 1464 = 8*q + 24. What is the highest common factor of q and 36?
36
Let w = 325 - 105. Let i = -3 + 8. Let q = i - -15. What is the greatest common factor of q and w?
20
Let b be (-2 + 1/1)*4. Let c = -2 - b. Suppose 2*i + 10 = 2*g - g, 0 = 3*g + 5*i - 19. Calculate the greatest common factor of g and c.
2
Suppose 5*m - r - 202 = 0, -5*m + 189 + 7 = 2*r. Calculate the greatest common factor of m and 8.
8
Let k(v) = -58*v - 2. Let r be k(-2). Suppose l - 3 = 2. Suppose h + 3*w = -w + 19, l*h - 95 = -5*w. Calculate the greatest common divisor of r and h.
19
Let s(h) = h**3 - 3*h**2 + 4. Let a be s(4). Suppose -3*i - 3*g + 6 = 0, -i + 20 = 5*g - 10*g. What is the greatest common factor of i and a?
5
Let v = -42 + 44. Let o(t) = 4*t - 3. Let j be o(2). Suppose -4*y + 6*y = -5*c - 15, 2*y + j = -3*c. Calculate the highest common factor of y and v.
1
Let j be 0/2*(-3)/(-6). Suppose j*l + 135 = -3*l. Let o = l - -108. What is the greatest common divisor of 7 and o?
7
Let l(k) = 5*k - 25. Let o be l(6). Suppose p + 5 - 1 = 0. Let j = o + p. What is the greatest common factor of j and 9?
1
Suppose -y + 3 + 1 = k, 2*y - 3 = 3*k. Calculate the highest common factor of y and 2.
1
Let o(u) be the third derivative of -u**6/120 - u**3/6 + 2*u**2. Let b be o(-2). Calculate the greatest common factor of 63 and b.
7
Suppose -b + v + 23 = 0, -2*b + 5*b = -2*v + 94. Calculate the greatest common divisor of b and 14.
14
Let j(f) = -f**3 + 8*f**2 + 9*f + 10. Let d(c) = 5*c + 2. Let l be d(3). Suppose 2*k = l + 1. Let i be j(k). What is the highest common factor of 90 and i?
10
Let i be -2 - (3 - (0 + 1)). Let g(z) = z**2 + 2*z. Let v be g(i). Suppose 7*b - 6*b = 24. What is the highest common factor of v and b?
8
Let d = 0 - -2. What is the highest common divisor of 22 and d?
2
Suppose -5*q - 70 = -5*a, -5 = 3*q + 4. What is the highest common divisor of 1 and a?
1
Let a = 7 + -2. Let w be (-2)/a*(-2 - 33). Suppose 2*c + 70 = 4*z + 16, -47 = -3*z - 5*c. Calculate the greatest common factor of w and z.
14
Let r(o) = o**2 - o - 38. Let h be r(-10). What is the greatest common divisor of h and 8?
8
Suppose -10 = 5*h, 6*h - h = -2*c + 374. Calculate the highest common divisor of 48 and c.
48
Suppose 4*g - 20 = 0, 3*q - 3*g - g - 340 = 0. What is the greatest common divisor of q and 20?
20
Suppose 4*a - 20 = 0, -5*a + 7 = 4*t - 10. Let v be 8*(t/(-1) - 0). Calculate the greatest common divisor of 24 and v.
8
Suppose 3*o + 57 = 2*c + 2*o, 5*c - 4*o = 144. Let f = 4 - 4. Suppose -2*t - 2*t = 12, 3*r - 2*t - 216 = f. Calculate the highest common divisor of r and c.
14
Let u(q) = q**2 + 894. Let t be u(0). Let s be (-2)/(-4 - t/(-225)). Calculate the greatest common factor of s and 15.
15
Let j(d) = -d**2 - 7*d - 2. Let t be j(6). Let h be ((-12)/5)/(24/t). Calculate the highest common divisor of 8 and h.
8
Let j(c) = -c**3 - 9*c**2 - c - 4. Let v be j(-9). Suppose 124 = 3*o + p + 47, 0 = v*o - 4*p - 134. Calculate the greatest common factor of 65 and o.
13
Let a = 0 + 5. Suppose 3*c = -a*d + 55, -6*c = -c - 2*d - 102. What is the greatest common divisor of 4 and c?
4
Let a be -2 + (-12)/8*2. Let c be (-88)/a - (-18)/45. What is the greatest common divisor of c and 18?
18
Suppose -4*j + 220 = -212. Let a = -8 - -20. Calculate the highest common divisor of a and j.
12
Suppose -2*p - 4 = z - 3*p, 5*p = -2*z + 27. Suppose -55 = -2*b - 3*b. Suppose -s + b = 2. Calculate the greatest common factor of z and s.
1
Suppose 3 = o - 21. Suppose o = -3*d + 7*d. Suppose f = d*f, -5*n + 2*f = -105. What is the highest common factor of n and 14?
7
Let j(m) = 3*m. Let o(d) = d**2 + 1. Let x be o(1). Suppose 4*h - 2 = x*h. Let t be j(h). What is the highest common factor of 21 and t?
3
Let a(b) = b**3 + 11*b**2 + 10*b - 5. Let j be a(-9). Let n be 5*17 + (-4)/2. Suppose -5*c + j = -n. What is the greatest common factor of 12 and c?
6
Let x = -40 - -89. Let d(p) = -p**2 + 7*p - 5. Let l be d(4). Calculate the greatest common divisor of l and x.
7
Suppose 21 + 19 = 5*j. Calculate the highest common divisor of j and 4.
4
Let d(u) = u**2 + 3*u - 2. Suppose 16 = 2*x - 24. Suppose -8 + x = -3*a. Let m be d(a). Calculate the highest common divisor of 16 and m.
2
Let z be (2 - 25/2)*(-52)/39. What is the highest common factor of z and 126?
14
Suppose 4*b - 2*z = 60, -3*b - z + 44 = -3*z. Suppose g - 39 = 41. Calculate the highest common divisor of b and g.
16
Let y(a) = 19*a**2 - 3*a + 2. Let i be y(2). What is the greatest common divisor of 9 and i?
9
Let s be (81/4)/(36/96). Calculate the greatest common divisor of 9 and s.
9
Let x be -4 + 4 - (-22 + 3). What is the highest common divisor of x and 209?
19
Suppose -3*r + 2*l - 1 + 5 = 0, 0 = -4*r - 3*l + 11. What is the highest common divisor of r and 5?
1
Suppose 2*f = -3 + 15. What is the greatest common factor of 54 and f?
6
Let o(n) = 3*n - 12. Let a be o(13). What is the highest common divisor of 108 and a?
27
Let j be 1*-2 - (3 - 105)/6. Let k(d) = d**3 + 4*d**2 - d + 3. Let f be k(-3). What is the highest common factor of f and j?
15
Suppose -5*w + 317 - 52 = 0. Let k = w - 5. Calculate the highest common factor of 12 and k.
12
Suppose 10 = 7*r - 2*r. What is the greatest common factor of 6 and r?
2
Let r be (32/(-10))/((-2)/10). Suppose 13*j = r*j - 300. Calculate the highest common factor of j and 40.
20
Suppose 0 = -4*z - 4*m + 84, -5*m + 45 = -3*z + 5*z. Let l = 15 + 15. What is the greatest common factor of z and l?
10
Let o be (4/(-10))/((-7)/945). Let v(n) = n**3 + n + 36. Suppose -2*s + 7*s = 0. Let x be v(s). What is the highest common divisor of o and x?
18
Suppose 124 = 10*k - 6*k. Calculate the highest common factor of 217 and k.
31
Let p be (-2 + 4 - 3) + 3. Suppose -4*a - 114 = -p*o + o, o - 3*a = 117. What is the highest common divisor of 18 and o?
18
Suppose -n - 2*n = -6. Let k(d) = 5*d + 1. Let s be k(n). What is the highest common divisor of 44 and s?
11
Let b(o) = o + 2. Let a be b(-2). Let n(g) = -g**2 + g + 2. Let m be n(a). Calculate the greatest common divisor of m and 2.
2
Let x(w) = -w**2 + 11*w - 10. Let m be x(8). Calculate the highest common factor of m and 56.
14
Suppose -5*f = -19 - 51. Suppose 1826 = 5*o + v - 2793, -o + 5*v + 929 = 0. Let r be (0 - 1)/((-6)/o). What is the greatest common factor of f and r?
14
Let n(c) = -c**3 + 11*c**2 + 12*c + 12. Let l be n(12). Let o = 31 - l. Calculate the highest common divisor of o and 57.
19
Let q be ((-222)/15)/(1/5). Let g = 124 + q. What is the greatest common divisor of 10 and g?
10
Let g(v) = 4*v**2 - 1 - 5*v**2 + 0*v**2 - 10*v. Let a be g(-5). Let i be (4 + -7)/((-3)/8). What is the highest common divisor of i and a?
8
Let m(w) = -11*w - 54. Let q(r) = -7*r - 36. Let n(x) = 5*m(x) - 8*q(x). Let p be n(-10). What is the highest common factor of p and 12?
4
Suppose -3*b - 60 = -4*b. Suppose 2*v = -10, 4*f = -3*v + 78 + 67. Suppose 2*k - b = f. Calculate the greatest common factor of k and 20.
10
Let q(g) = -g + 1. Let s be q(-8). Let y(n) = 16*n**2 + 2*n + 3. Let p be y(-2). Calculate the highest common factor of p and s.
9
Let h be 50/((-4)/(0 - 4)). Calculate the highest common divisor of h and 125.
25
Suppose 6*f + 18 - 834 = 0. Suppose -5*x - 12 = -x, 54 = 3*q - x. What is the greatest common divisor of q and f?
17
Let q(u) = 3*u + 9*u**2 + u - 3*u + 3*u 